{"id":1696,"date":"2022-06-17T09:45:59","date_gmt":"2022-06-17T09:45:59","guid":{"rendered":"https:\/\/www.ossjsmlednik.si\/?page_id=1696"},"modified":"2022-06-17T09:46:00","modified_gmt":"2022-06-17T09:46:00","slug":"dvig-digitalne-kompetentnosti","status":"publish","type":"page","link":"https:\/\/www.ossjsmlednik.si\/?page_id=1696","title":{"rendered":"Dvig digitalne kompetentnosti"},"content":{"rendered":"\n<div class=\"wp-block-columns is-layout-flex wp-container-core-columns-is-layout-9d6595d7 wp-block-columns-is-layout-flex\">\n<div class=\"wp-block-column is-layout-flow wp-block-column-is-layout-flow\">\n<figure class=\"wp-block-image size-large is-resized\"><img loading=\"lazy\" decoding=\"async\" src=\"https:\/\/www.ossjsmlednik.si\/wp-content\/uploads\/2022\/06\/LOGO_DVIG_DIGITALNE-KOMPETENCE_horizontalni-1024x395.png\" alt=\"\" class=\"wp-image-1687\" width=\"257\" height=\"99\" srcset=\"https:\/\/www.ossjsmlednik.si\/wp-content\/uploads\/2022\/06\/LOGO_DVIG_DIGITALNE-KOMPETENCE_horizontalni-1024x395.png 1024w, https:\/\/www.ossjsmlednik.si\/wp-content\/uploads\/2022\/06\/LOGO_DVIG_DIGITALNE-KOMPETENCE_horizontalni-300x116.png 300w, https:\/\/www.ossjsmlednik.si\/wp-content\/uploads\/2022\/06\/LOGO_DVIG_DIGITALNE-KOMPETENCE_horizontalni-768x297.png 768w, https:\/\/www.ossjsmlednik.si\/wp-content\/uploads\/2022\/06\/LOGO_DVIG_DIGITALNE-KOMPETENCE_horizontalni-1536x593.png 1536w, https:\/\/www.ossjsmlednik.si\/wp-content\/uploads\/2022\/06\/LOGO_DVIG_DIGITALNE-KOMPETENCE_horizontalni-2048x791.png 2048w\" sizes=\"auto, (max-width: 257px) 100vw, 257px\" \/><\/figure>\n\n\n\n<figure class=\"wp-block-image size-full is-resized\"><img loading=\"lazy\" decoding=\"async\" src=\"https:\/\/www.ossjsmlednik.si\/wp-content\/uploads\/2022\/06\/Logo_EKP_socialni_sklad_SLO_slogan.jpg\" alt=\"\" class=\"wp-image-1611\" width=\"223\" height=\"108\" srcset=\"https:\/\/www.ossjsmlednik.si\/wp-content\/uploads\/2022\/06\/Logo_EKP_socialni_sklad_SLO_slogan.jpg 1000w, https:\/\/www.ossjsmlednik.si\/wp-content\/uploads\/2022\/06\/Logo_EKP_socialni_sklad_SLO_slogan-300x145.jpg 300w, https:\/\/www.ossjsmlednik.si\/wp-content\/uploads\/2022\/06\/Logo_EKP_socialni_sklad_SLO_slogan-768x372.jpg 768w\" sizes=\"auto, (max-width: 223px) 100vw, 223px\" \/><\/figure>\n<\/div>\n\n\n\n<div class=\"wp-block-column is-layout-flow wp-block-column-is-layout-flow\">\n<figure class=\"wp-block-image size-large is-resized\"><img loading=\"lazy\" decoding=\"async\" src=\"https:\/\/www.ossjsmlednik.si\/wp-content\/uploads\/2022\/06\/logotip-ZRSS_barvni-796x1024.jpg\" alt=\"\" class=\"wp-image-1613\" width=\"115\" height=\"148\" srcset=\"https:\/\/www.ossjsmlednik.si\/wp-content\/uploads\/2022\/06\/logotip-ZRSS_barvni-796x1024.jpg 796w, https:\/\/www.ossjsmlednik.si\/wp-content\/uploads\/2022\/06\/logotip-ZRSS_barvni-233x300.jpg 233w, https:\/\/www.ossjsmlednik.si\/wp-content\/uploads\/2022\/06\/logotip-ZRSS_barvni-768x987.jpg 768w, https:\/\/www.ossjsmlednik.si\/wp-content\/uploads\/2022\/06\/logotip-ZRSS_barvni-1195x1536.jpg 1195w, https:\/\/www.ossjsmlednik.si\/wp-content\/uploads\/2022\/06\/logotip-ZRSS_barvni.jpg 1505w\" sizes=\"auto, (max-width: 115px) 100vw, 115px\" \/><\/figure>\n<\/div>\n\n\n\n<div class=\"wp-block-column is-layout-flow wp-block-column-is-layout-flow\">\n<figure class=\"wp-block-image size-full is-resized\"><img loading=\"lazy\" decoding=\"async\" src=\"https:\/\/www.ossjsmlednik.si\/wp-content\/uploads\/2022\/06\/Logo_MIZS_slo-1.jpg\" alt=\"\" class=\"wp-image-1689\" width=\"276\" height=\"44\" srcset=\"https:\/\/www.ossjsmlednik.si\/wp-content\/uploads\/2022\/06\/Logo_MIZS_slo-1.jpg 796w, https:\/\/www.ossjsmlednik.si\/wp-content\/uploads\/2022\/06\/Logo_MIZS_slo-1-300x49.jpg 300w, https:\/\/www.ossjsmlednik.si\/wp-content\/uploads\/2022\/06\/Logo_MIZS_slo-1-768x124.jpg 768w\" sizes=\"auto, (max-width: 276px) 100vw, 276px\" \/><\/figure>\n\n\n<div class=\"wp-block-image\">\n<figure class=\"aligncenter size-full is-resized\"><img loading=\"lazy\" decoding=\"async\" src=\"https:\/\/www.ossjsmlednik.si\/wp-content\/uploads\/2022\/06\/Arnes_logotip.jpg\" alt=\"\" class=\"wp-image-1612\" width=\"153\" height=\"68\" srcset=\"https:\/\/www.ossjsmlednik.si\/wp-content\/uploads\/2022\/06\/Arnes_logotip.jpg 850w, https:\/\/www.ossjsmlednik.si\/wp-content\/uploads\/2022\/06\/Arnes_logotip-300x136.jpg 300w, https:\/\/www.ossjsmlednik.si\/wp-content\/uploads\/2022\/06\/Arnes_logotip-768x347.jpg 768w\" sizes=\"auto, (max-width: 153px) 100vw, 153px\" \/><\/figure>\n<\/div><\/div>\n<\/div>\n\n\n\n<p>Nalo\u017ebo sofinancirata Republika Slovenija in Evropska unija iz\u00a0<a rel=\"noreferrer noopener\" href=\"https:\/\/www.eu-skladi.si\/\" target=\"_blank\">Evropskega socialnega sklada<\/a>.<\/p>\n\n\n\n<h2 class=\"wp-block-heading\">Namen projekta<\/h2>\n\n\n\n<p>Namen projekta&nbsp;<a href=\"https:\/\/www.zrss.si\/projekti\/dvig-digitalne-kompetentnosti\/\" target=\"_blank\" rel=\"noreferrer noopener\">Dvig digitalne kompetentnosti<\/a>&nbsp;je izbolj\u0161ati kakovost in u\u010dinkovitost izobra\u017eevanja in usposabljanj ter spodbujati razvoj inovativnih u\u010dnih okolij in pro\u017enih oblik u\u010denja, ki bodo prispevali k dvigu digitalnih kompetenc vodstvenih in strokovnih delavcev, otrok, u\u010dencev in dijakov.<\/p>\n\n\n\n<h2 class=\"wp-block-heading\">Cilj projekta<\/h2>\n\n\n\n<p>Razvoj pro\u017enej\u0161ih oblik u\u010denja s pomo\u010djo u\u010dinkovite rabe digitalnih tehnologij v VIZ ter s tem spodbujanje strokovnih delavcev VIZ za reflektivno prakso, na\u010drtovanje ter udejanjanje lastnega strokovnega razvoja (digitalnih strategij VIZ-a, digitalnih kompetenc strokovnih delavcev in otrok\/u\u010dencev\/dijakov).<\/p>\n\n\n\n<h2 class=\"wp-block-heading\">Ciljne skupine<\/h2>\n\n\n\n<p>Vzgojno-izobra\u017eevalni zavodi, znotraj teh pa zaposleni: strokovni delavci (ravnatelji, u\u010ditelji in drugo strokovno osebje) na podro\u010dju pred\u0161olske vzgoje, osnovno\u0161olskega izobra\u017eevanja, osnovnega glasbenega izobra\u017eevanja, poklicnega in strokovnega izobra\u017eevanja, srednjega splo\u0161nega izobra\u017eevanja, vzgoje in izobra\u017eevanja otrok in mladostnikov s posebnimi potrebami, vzgoje in izobra\u017eevanja v dija\u0161kih domovih ter posledi\u010dno otroci, u\u010denci in dijaki.<\/p>\n\n\n\n<p>Kon\u010dna dodana vrednost programa bo glede na razli\u010dno raven digitalne kompetentnosti posameznih strokovnih delavcev in VIZ-a v celoti izdelana digitalna strategija za posamezen VIZ in na osnovi strategije izvedena usposabljanja ter udejanjanje teh znanj v vzgojno-izobra\u017eevalnem procesu. Izdelava strategije bo temeljila na analizi stanja in pripravi akcijskega na\u010drta. To pomeni, da bodo zaposleni v posameznem VIZ-u aktivni udele\u017eenci v procesu analize ter v procesu priprave in izvajanja akcijskega na\u010drta in s tem opolnomo\u010deni za evalvacijo in nadgradnjo digitalne strategije znotraj zavoda tudi po zaklju\u010dku programa.<\/p>\n\n\n\n<p>Projekt Dvig digitalne kompetentnosti se od dosedanjih usposabljanj na podro\u010dju digitalnih kompetenc razlikuje v izhajanju iz dejanskih potreb posameznega VIZ-a in na\u010drtovanju strategij VIZ-a za dvig digitalnih kompetenc.<\/p>\n\n\n\n<h2 class=\"wp-block-heading\">Ugotovljeni problemi in izzivi<\/h2>\n\n\n\n<p>Kljub \u0161tevilnim strate\u0161kim dokumentom, strategijam, smernicam, projektom, usposabljanjem in drugim pobudam ugotavljamo, da ostaja v slovenskem \u0161olskem prostoru problem smiselne rabe digitalne tehnologije. Zato vodstveni in strokovni delavci potrebujejo sistemati\u010dno podporo za u\u010dinkovito rabo digitalnih tehnologij pri doseganju vzgojno-izobra\u017eevalnih ciljev in razvijanju digitalnih kompetenc u\u010de\u010dih se.<\/p>\n\n\n\n<p>Opravljene analize ka\u017eejo na nujno ukrepanje na treh podro\u010djih:<\/p>\n\n\n\n<ul class=\"wp-block-list\"><li>inovativnih pristopih pedago\u0161kega vodenja in na\u010drtovanja u\u010dinkovite rabe digitalnih tehnologij v VIZ,<\/li><li>pedago\u0161kih digitalnih kompetencah strokovnih delavcev VIZ-ov in<\/li><li>u\u010dinkovite rabe digitalnih tehnologij v vzgojno-izobra\u017eevalnem procesu in s tem posledi\u010dno povezanem dvigu digitalnih kompetenc otrok, u\u010dencev, dijakov.<\/li><\/ul>\n\n\n\n<h2 class=\"wp-block-heading\">Dejavnosti v projektu<\/h2>\n\n\n\n<p>V programu bodo zasnovane, preizku\u0161ene in evalvirane raznolike dejavnosti za razvoj digitalne kompetentnosti dele\u017enikov v vzgoji in izobra\u017eevanju:<\/p>\n\n\n\n<ul class=\"wp-block-list\"><li>razli\u010dna usposabljanja in izobra\u017eevanja za profesionalni razvoj pedago\u0161kih digitalnih kompetenc strokovnih delavcev VIZ-a,<\/li><li>podporno spletno okolje za u\u010dinkovito rabo digitalnih tehnologij v VIZ-ih (interaktivni u\u010dni na\u010drt z dodanimi pripravljenimi gradivi in povezavami, mo\u017enostjo kreiranja letne in sprotnih priprav na VIZ), orodja za samopreverjanje digitalnih pedago\u0161kih kompetenc in u\u010dinkovite rabe digitalnih tehnologij VIZ, digitalna gradiva, primeri dobre rabe),<\/li><li>vzpostavljene u\u010de\u010de se skupnosti digitalnih znanj in izku\u0161enj znotraj VIZ in prenos na ostale VIZ-e,<\/li><li>priro\u010dnik za dvig digitalnih kompetenc na VIZ-u.<\/li><\/ul>\n\n\n\n<h2 class=\"wp-block-heading\">Finan\u010dna podpora<\/h2>\n\n\n\n<p>Skupna vi\u0161ina sredstev, namenjena za izvedbo projekta, je 1.950.000,00 EUR.<\/p>\n","protected":false},"excerpt":{"rendered":"<p>Nalo\u017ebo sofinancirata Republika Slovenija in Evropska unija iz\u00a0Evropskega socialnega sklada. Namen projekta Namen projekta&nbsp;Dvig digitalne kompetentnosti&nbsp;je izbolj\u0161ati kakovost in u\u010dinkovitost izobra\u017eevanja in usposabljanj ter spodbujati razvoj inovativnih u\u010dnih okolij in pro\u017enih oblik u\u010denja, ki&#46;&#46;&#46;<\/p>\n","protected":false},"author":1,"featured_media":0,"parent":0,"menu_order":0,"comment_status":"closed","ping_status":"closed","template":"","meta":{"footnotes":""},"class_list":["post-1696","page","type-page","status-publish","hentry"],"publishpress_future_action":{"enabled":false,"date":"2026-05-09 04:12:24","action":"change-status","newStatus":"draft","terms":[],"taxonomy":"","extraData":[]},"publishpress_future_workflow_manual_trigger":{"enabledWorkflows":[]},"_links":{"self":[{"href":"https:\/\/www.ossjsmlednik.si\/index.php?rest_route=\/wp\/v2\/pages\/1696","targetHints":{"allow":["GET"]}}],"collection":[{"href":"https:\/\/www.ossjsmlednik.si\/index.php?rest_route=\/wp\/v2\/pages"}],"about":[{"href":"https:\/\/www.ossjsmlednik.si\/index.php?rest_route=\/wp\/v2\/types\/page"}],"author":[{"embeddable":true,"href":"https:\/\/www.ossjsmlednik.si\/index.php?rest_route=\/wp\/v2\/users\/1"}],"replies":[{"embeddable":true,"href":"https:\/\/www.ossjsmlednik.si\/index.php?rest_route=%2Fwp%2Fv2%2Fcomments&post=1696"}],"version-history":[{"count":1,"href":"https:\/\/www.ossjsmlednik.si\/index.php?rest_route=\/wp\/v2\/pages\/1696\/revisions"}],"predecessor-version":[{"id":1697,"href":"https:\/\/www.ossjsmlednik.si\/index.php?rest_route=\/wp\/v2\/pages\/1696\/revisions\/1697"}],"wp:attachment":[{"href":"https:\/\/www.ossjsmlednik.si\/index.php?rest_route=%2Fwp%2Fv2%2Fmedia&parent=1696"}],"curies":[{"name":"wp","href":"https:\/\/api.w.org\/{rel}","templated":true}]}}

<div class="wp-block-columns is-layout-flex wp-container-core-columns-is-layout-9d6595d7 wp-block-columns-is-layout-flex">
<div class="wp-block-column is-layout-flow wp-block-column-is-layout-flow">
<figure class="wp-block-image size-large is-resized"><img loading="lazy" decoding="async" src="https://www.ossjsmlednik.si/wp-content/uploads/2022/06/LOGO_DVIG_DIGITALNE-KOMPETENCE_horizontalni-1024x395.png" alt="" class="wp-image-1687" width="257" height="99" srcset="https://www.ossjsmlednik.si/wp-content/uploads/2022/06/LOGO_DVIG_DIGITALNE-KOMPETENCE_horizontalni-1024x395.png 1024w, https://www.ossjsmlednik.si/wp-content/uploads/2022/06/LOGO_DVIG_DIGITALNE-KOMPETENCE_horizontalni-300x116.png 300w, https://www.ossjsmlednik.si/wp-content/uploads/2022/06/LOGO_DVIG_DIGITALNE-KOMPETENCE_horizontalni-768x297.png 768w, https://www.ossjsmlednik.si/wp-content/uploads/2022/06/LOGO_DVIG_DIGITALNE-KOMPETENCE_horizontalni-1536x593.png 1536w, https://www.ossjsmlednik.si/wp-content/uploads/2022/06/LOGO_DVIG_DIGITALNE-KOMPETENCE_horizontalni-2048x791.png 2048w" sizes="auto, (max-width: 257px) 100vw, 257px" /></figure>



<figure class="wp-block-image size-full is-resized"><img loading="lazy" decoding="async" src="https://www.ossjsmlednik.si/wp-content/uploads/2022/06/Logo_EKP_socialni_sklad_SLO_slogan.jpg" alt="" class="wp-image-1611" width="223" height="108" srcset="https://www.ossjsmlednik.si/wp-content/uploads/2022/06/Logo_EKP_socialni_sklad_SLO_slogan.jpg 1000w, https://www.ossjsmlednik.si/wp-content/uploads/2022/06/Logo_EKP_socialni_sklad_SLO_slogan-300x145.jpg 300w, https://www.ossjsmlednik.si/wp-content/uploads/2022/06/Logo_EKP_socialni_sklad_SLO_slogan-768x372.jpg 768w" sizes="auto, (max-width: 223px) 100vw, 223px" /></figure>
</div>



<div class="wp-block-column is-layout-flow wp-block-column-is-layout-flow">
<figure class="wp-block-image size-large is-resized"><img loading="lazy" decoding="async" src="https://www.ossjsmlednik.si/wp-content/uploads/2022/06/logotip-ZRSS_barvni-796x1024.jpg" alt="" class="wp-image-1613" width="115" height="148" srcset="https://www.ossjsmlednik.si/wp-content/uploads/2022/06/logotip-ZRSS_barvni-796x1024.jpg 796w, https://www.ossjsmlednik.si/wp-content/uploads/2022/06/logotip-ZRSS_barvni-233x300.jpg 233w, https://www.ossjsmlednik.si/wp-content/uploads/2022/06/logotip-ZRSS_barvni-768x987.jpg 768w, https://www.ossjsmlednik.si/wp-content/uploads/2022/06/logotip-ZRSS_barvni-1195x1536.jpg 1195w, https://www.ossjsmlednik.si/wp-content/uploads/2022/06/logotip-ZRSS_barvni.jpg 1505w" sizes="auto, (max-width: 115px) 100vw, 115px" /></figure>
</div>



<div class="wp-block-column is-layout-flow wp-block-column-is-layout-flow">
<figure class="wp-block-image size-full is-resized"><img loading="lazy" decoding="async" src="https://www.ossjsmlednik.si/wp-content/uploads/2022/06/Logo_MIZS_slo-1.jpg" alt="" class="wp-image-1689" width="276" height="44" srcset="https://www.ossjsmlednik.si/wp-content/uploads/2022/06/Logo_MIZS_slo-1.jpg 796w, https://www.ossjsmlednik.si/wp-content/uploads/2022/06/Logo_MIZS_slo-1-300x49.jpg 300w, https://www.ossjsmlednik.si/wp-content/uploads/2022/06/Logo_MIZS_slo-1-768x124.jpg 768w" sizes="auto, (max-width: 276px) 100vw, 276px" /></figure>


<div class="wp-block-image">
<figure class="aligncenter size-full is-resized"><img loading="lazy" decoding="async" src="https://www.ossjsmlednik.si/wp-content/uploads/2022/06/Arnes_logotip.jpg" alt="" class="wp-image-1612" width="153" height="68" srcset="https://www.ossjsmlednik.si/wp-content/uploads/2022/06/Arnes_logotip.jpg 850w, https://www.ossjsmlednik.si/wp-content/uploads/2022/06/Arnes_logotip-300x136.jpg 300w, https://www.ossjsmlednik.si/wp-content/uploads/2022/06/Arnes_logotip-768x347.jpg 768w" sizes="auto, (max-width: 153px) 100vw, 153px" /></figure>
</div></div>
</div>



<p>Naložbo sofinancirata Republika Slovenija in Evropska unija iz <a rel="noreferrer noopener" href="https://www.eu-skladi.si/" target="_blank">Evropskega socialnega sklada</a>.</p>



<h2 class="wp-block-heading">Namen projekta</h2>



<p>Namen projekta&nbsp;<a href="https://www.zrss.si/projekti/dvig-digitalne-kompetentnosti/" target="_blank" rel="noreferrer noopener">Dvig digitalne kompetentnosti</a>&nbsp;je izboljšati kakovost in učinkovitost izobraževanja in usposabljanj ter spodbujati razvoj inovativnih učnih okolij in prožnih oblik učenja, ki bodo prispevali k dvigu digitalnih kompetenc vodstvenih in strokovnih delavcev, otrok, učencev in dijakov.</p>



<h2 class="wp-block-heading">Cilj projekta</h2>



<p>Razvoj prožnejših oblik učenja s pomočjo učinkovite rabe digitalnih tehnologij v VIZ ter s tem spodbujanje strokovnih delavcev VIZ za reflektivno prakso, načrtovanje ter udejanjanje lastnega strokovnega razvoja (digitalnih strategij VIZ-a, digitalnih kompetenc strokovnih delavcev in otrok/učencev/dijakov).</p>



<h2 class="wp-block-heading">Ciljne skupine</h2>



<p>Vzgojno-izobraževalni zavodi, znotraj teh pa zaposleni: strokovni delavci (ravnatelji, učitelji in drugo strokovno osebje) na področju predšolske vzgoje, osnovnošolskega izobraževanja, osnovnega glasbenega izobraževanja, poklicnega in strokovnega izobraževanja, srednjega splošnega izobraževanja, vzgoje in izobraževanja otrok in mladostnikov s posebnimi potrebami, vzgoje in izobraževanja v dijaških domovih ter posledično otroci, učenci in dijaki.</p>



<p>Končna dodana vrednost programa bo glede na različno raven digitalne kompetentnosti posameznih strokovnih delavcev in VIZ-a v celoti izdelana digitalna strategija za posamezen VIZ in na osnovi strategije izvedena usposabljanja ter udejanjanje teh znanj v vzgojno-izobraževalnem procesu. Izdelava strategije bo temeljila na analizi stanja in pripravi akcijskega načrta. To pomeni, da bodo zaposleni v posameznem VIZ-u aktivni udeleženci v procesu analize ter v procesu priprave in izvajanja akcijskega načrta in s tem opolnomočeni za evalvacijo in nadgradnjo digitalne strategije znotraj zavoda tudi po zaključku programa.</p>



<p>Projekt Dvig digitalne kompetentnosti se od dosedanjih usposabljanj na področju digitalnih kompetenc razlikuje v izhajanju iz dejanskih potreb posameznega VIZ-a in načrtovanju strategij VIZ-a za dvig digitalnih kompetenc.</p>



<h2 class="wp-block-heading">Ugotovljeni problemi in izzivi</h2>



<p>Kljub številnim strateškim dokumentom, strategijam, smernicam, projektom, usposabljanjem in drugim pobudam ugotavljamo, da ostaja v slovenskem šolskem prostoru problem smiselne rabe digitalne tehnologije. Zato vodstveni in strokovni delavci potrebujejo sistematično podporo za učinkovito rabo digitalnih tehnologij pri doseganju vzgojno-izobraževalnih ciljev in razvijanju digitalnih kompetenc učečih se.</p>



<p>Opravljene analize kažejo na nujno ukrepanje na treh področjih:</p>



<ul class="wp-block-list"><li>inovativnih pristopih pedagoškega vodenja in načrtovanja učinkovite rabe digitalnih tehnologij v VIZ,</li><li>pedagoških digitalnih kompetencah strokovnih delavcev VIZ-ov in</li><li>učinkovite rabe digitalnih tehnologij v vzgojno-izobraževalnem procesu in s tem posledično povezanem dvigu digitalnih kompetenc otrok, učencev, dijakov.</li></ul>



<h2 class="wp-block-heading">Dejavnosti v projektu</h2>



<p>V programu bodo zasnovane, preizkušene in evalvirane raznolike dejavnosti za razvoj digitalne kompetentnosti deležnikov v vzgoji in izobraževanju:</p>



<ul class="wp-block-list"><li>različna usposabljanja in izobraževanja za profesionalni razvoj pedagoških digitalnih kompetenc strokovnih delavcev VIZ-a,</li><li>podporno spletno okolje za učinkovito rabo digitalnih tehnologij v VIZ-ih (interaktivni učni načrt z dodanimi pripravljenimi gradivi in povezavami, možnostjo kreiranja letne in sprotnih priprav na VIZ), orodja za samopreverjanje digitalnih pedagoških kompetenc in učinkovite rabe digitalnih tehnologij VIZ, digitalna gradiva, primeri dobre rabe),</li><li>vzpostavljene učeče se skupnosti digitalnih znanj in izkušenj znotraj VIZ in prenos na ostale VIZ-e,</li><li>priročnik za dvig digitalnih kompetenc na VIZ-u.</li></ul>



<h2 class="wp-block-heading">Finančna podpora</h2>



<p>Skupna višina sredstev, namenjena za izvedbo projekta, je 1.950.000,00 EUR.</p>

<p>Naložbo sofinancirata Republika Slovenija in Evropska unija iz Evropskega socialnega sklada. Namen projekta Namen projekta&nbsp;Dvig digitalne kompetentnosti&nbsp;je izboljšati kakovost in učinkovitost izobraževanja in usposabljanj ter spodbujati razvoj inovativnih učnih okolij in prožnih oblik učenja, ki&#46;&#46;&#46;</p>
