{"id":439,"date":"2021-09-22T09:48:08","date_gmt":"2021-09-22T09:48:08","guid":{"rendered":"https:\/\/www.ossjsmlednik.si\/?page_id=439"},"modified":"2021-09-22T09:50:36","modified_gmt":"2021-09-22T09:50:36","slug":"umetnost-ucenja","status":"publish","type":"page","link":"https:\/\/www.ossjsmlednik.si\/?page_id=439","title":{"rendered":"Umetnost u\u010denja"},"content":{"rendered":"\n<h2 class=\"wp-block-heading\">Umetnost u\u010denja z gledali\u0161kimi pristopi<\/h2>\n\n\n\n<p>(triletni mednarodni EU projekt JOIN IN &amp; make a\u00a0change)<\/p>\n\n\n\n<p>3.-5.r\u00a0<\/p>\n\n\n\n<p><strong>Uporaba gledali\u0161kih pristopov za spodbujanje vklju\u010dujo\u010dega in sodelovalnega u\u010denja vseh u\u010dencev.<\/strong>&nbsp;<\/p>\n\n\n\n<p><strong>Namen projekta<\/strong>&nbsp;\u00bbJOIN IN &amp; make a&nbsp;change\u00ab je izbolj\u0161anje kvalitete inkluzivnega izobra\u017eevanja, promoviranje vklju\u010dujo\u010dega u\u010denja ter oblikovanje varnega \u0161olskega prostora za vse u\u010dence. V njem naj se vsi u\u010denci, ne glede na njihove raznolikosti dobro po\u010dutijo, uspe\u0161no u\u010dijo in razvijajo vse svoje potenciale. To nameravamo dose\u010di predvsem z izobra\u017eevanjem u\u010diteljev ter povezovanjem vseh dele\u017enikov na podro\u010dju izobra\u017eevanja.&nbsp;<\/p>\n\n\n\n<p><strong>Cilj projekta<\/strong>&nbsp;je razvijanje, raziskovanje, implementiranje in \u0161irjenje uporabe gledali\u0161kih pristopov, kot u\u010dinkovitega u\u010dnega orodja za spodbujanje vklju\u010dujo\u010dega in sodelovalnega u\u010denja vseh u\u010dencev, spo\u0161tovanje raznolikosti, spodbujanje aktivne vklju\u010denosti v skupinsko delo in vzpostavljanje pozitivne klime&nbsp;<\/p>\n","protected":false},"excerpt":{"rendered":"<p>Umetnost u\u010denja z gledali\u0161kimi pristopi (triletni mednarodni EU projekt JOIN IN &amp; make a\u00a0change) 3.-5.r\u00a0 Uporaba gledali\u0161kih pristopov za spodbujanje vklju\u010dujo\u010dega in sodelovalnega u\u010denja vseh u\u010dencev.&nbsp; Namen projekta&nbsp;\u00bbJOIN IN &amp; make a&nbsp;change\u00ab je izbolj\u0161anje&#46;&#46;&#46;<\/p>\n","protected":false},"author":1,"featured_media":0,"parent":0,"menu_order":0,"comment_status":"closed","ping_status":"closed","template":"","meta":{"footnotes":""},"class_list":["post-439","page","type-page","status-publish","hentry"],"publishpress_future_action":{"enabled":false,"date":"2026-05-08 15:30:48","action":"change-status","newStatus":"draft","terms":[],"taxonomy":"","extraData":[]},"publishpress_future_workflow_manual_trigger":{"enabledWorkflows":[]},"_links":{"self":[{"href":"https:\/\/www.ossjsmlednik.si\/index.php?rest_route=\/wp\/v2\/pages\/439","targetHints":{"allow":["GET"]}}],"collection":[{"href":"https:\/\/www.ossjsmlednik.si\/index.php?rest_route=\/wp\/v2\/pages"}],"about":[{"href":"https:\/\/www.ossjsmlednik.si\/index.php?rest_route=\/wp\/v2\/types\/page"}],"author":[{"embeddable":true,"href":"https:\/\/www.ossjsmlednik.si\/index.php?rest_route=\/wp\/v2\/users\/1"}],"replies":[{"embeddable":true,"href":"https:\/\/www.ossjsmlednik.si\/index.php?rest_route=%2Fwp%2Fv2%2Fcomments&post=439"}],"version-history":[{"count":2,"href":"https:\/\/www.ossjsmlednik.si\/index.php?rest_route=\/wp\/v2\/pages\/439\/revisions"}],"predecessor-version":[{"id":450,"href":"https:\/\/www.ossjsmlednik.si\/index.php?rest_route=\/wp\/v2\/pages\/439\/revisions\/450"}],"wp:attachment":[{"href":"https:\/\/www.ossjsmlednik.si\/index.php?rest_route=%2Fwp%2Fv2%2Fmedia&parent=439"}],"curies":[{"name":"wp","href":"https:\/\/api.w.org\/{rel}","templated":true}]}}