{"id":454,"date":"2021-09-22T10:01:11","date_gmt":"2021-09-22T10:01:11","guid":{"rendered":"https:\/\/www.ossjsmlednik.si\/?page_id=454"},"modified":"2021-09-22T10:02:53","modified_gmt":"2021-09-22T10:02:53","slug":"dobro-sem","status":"publish","type":"page","link":"https:\/\/www.ossjsmlednik.si\/?page_id=454","title":{"rendered":"Dobro sem"},"content":{"rendered":"\n<p>5.a in 5.b<\/p>\n\n\n\n<p>Projekt je namenjen ozave\u0161\u010danju in izobra\u017eevanju posameznikov iz ranljivih skupin, s ciljem, da la\u017eje vplivajo&nbsp;na svoje du\u0161evno zdravje in dobro po\u010dutje, ga krepijo in varujejo. Program zajema 10 brezpla\u010dnih delavnic.&nbsp;<\/p>\n\n\n\n<p>Zveza prijateljev mladine&nbsp;Lj. Moste-Polje<\/p>\n","protected":false},"excerpt":{"rendered":"<p>5.a in 5.b Projekt je namenjen ozave\u0161\u010danju in izobra\u017eevanju posameznikov iz ranljivih skupin, s ciljem, da la\u017eje vplivajo&nbsp;na svoje du\u0161evno zdravje in dobro po\u010dutje, ga krepijo in varujejo. Program zajema 10 brezpla\u010dnih delavnic.&nbsp; Zveza&#46;&#46;&#46;<\/p>\n","protected":false},"author":1,"featured_media":0,"parent":0,"menu_order":0,"comment_status":"closed","ping_status":"closed","template":"","meta":{"footnotes":""},"class_list":["post-454","page","type-page","status-publish","hentry"],"publishpress_future_action":{"enabled":false,"date":"2026-05-09 04:10:57","action":"change-status","newStatus":"draft","terms":[],"taxonomy":"","extraData":[]},"publishpress_future_workflow_manual_trigger":{"enabledWorkflows":[]},"_links":{"self":[{"href":"https:\/\/www.ossjsmlednik.si\/index.php?rest_route=\/wp\/v2\/pages\/454","targetHints":{"allow":["GET"]}}],"collection":[{"href":"https:\/\/www.ossjsmlednik.si\/index.php?rest_route=\/wp\/v2\/pages"}],"about":[{"href":"https:\/\/www.ossjsmlednik.si\/index.php?rest_route=\/wp\/v2\/types\/page"}],"author":[{"embeddable":true,"href":"https:\/\/www.ossjsmlednik.si\/index.php?rest_route=\/wp\/v2\/users\/1"}],"replies":[{"embeddable":true,"href":"https:\/\/www.ossjsmlednik.si\/index.php?rest_route=%2Fwp%2Fv2%2Fcomments&post=454"}],"version-history":[{"count":2,"href":"https:\/\/www.ossjsmlednik.si\/index.php?rest_route=\/wp\/v2\/pages\/454\/revisions"}],"predecessor-version":[{"id":473,"href":"https:\/\/www.ossjsmlednik.si\/index.php?rest_route=\/wp\/v2\/pages\/454\/revisions\/473"}],"wp:attachment":[{"href":"https:\/\/www.ossjsmlednik.si\/index.php?rest_route=%2Fwp%2Fv2%2Fmedia&parent=454"}],"curies":[{"name":"wp","href":"https:\/\/api.w.org\/{rel}","templated":true}]}}