{"id":460,"date":"2021-09-22T10:01:11","date_gmt":"2021-09-22T10:01:11","guid":{"rendered":"https:\/\/www.ossjsmlednik.si\/?page_id=460"},"modified":"2021-09-22T10:07:40","modified_gmt":"2021-09-22T10:07:40","slug":"medvoska-knjizna-transferzala","status":"publish","type":"page","link":"https:\/\/www.ossjsmlednik.si\/?page_id=460","title":{"rendered":"Medvo\u0161ka knji\u017ena transferzala"},"content":{"rendered":"\n<p>Prvi do deveti razred<\/p>\n\n\n\n<p>V sodelovanju z Knji\u017enico Medvode spodbujamo dru\u017einsko branje in spoznavamo doma\u010di kraj in kraje v ob\u010dini Medvode.<\/p>\n","protected":false},"excerpt":{"rendered":"<p>Prvi do deveti razred V sodelovanju z Knji\u017enico Medvode spodbujamo dru\u017einsko branje in spoznavamo doma\u010di kraj in kraje v ob\u010dini Medvode.<\/p>\n","protected":false},"author":1,"featured_media":0,"parent":0,"menu_order":0,"comment_status":"closed","ping_status":"closed","template":"","meta":{"footnotes":""},"class_list":["post-460","page","type-page","status-publish","hentry"],"publishpress_future_action":{"enabled":false,"date":"2026-05-08 07:45:52","action":"change-status","newStatus":"draft","terms":[],"taxonomy":"","extraData":[]},"publishpress_future_workflow_manual_trigger":{"enabledWorkflows":[]},"_links":{"self":[{"href":"https:\/\/www.ossjsmlednik.si\/index.php?rest_route=\/wp\/v2\/pages\/460","targetHints":{"allow":["GET"]}}],"collection":[{"href":"https:\/\/www.ossjsmlednik.si\/index.php?rest_route=\/wp\/v2\/pages"}],"about":[{"href":"https:\/\/www.ossjsmlednik.si\/index.php?rest_route=\/wp\/v2\/types\/page"}],"author":[{"embeddable":true,"href":"https:\/\/www.ossjsmlednik.si\/index.php?rest_route=\/wp\/v2\/users\/1"}],"replies":[{"embeddable":true,"href":"https:\/\/www.ossjsmlednik.si\/index.php?rest_route=%2Fwp%2Fv2%2Fcomments&post=460"}],"version-history":[{"count":2,"href":"https:\/\/www.ossjsmlednik.si\/index.php?rest_route=\/wp\/v2\/pages\/460\/revisions"}],"predecessor-version":[{"id":478,"href":"https:\/\/www.ossjsmlednik.si\/index.php?rest_route=\/wp\/v2\/pages\/460\/revisions\/478"}],"wp:attachment":[{"href":"https:\/\/www.ossjsmlednik.si\/index.php?rest_route=%2Fwp%2Fv2%2Fmedia&parent=460"}],"curies":[{"name":"wp","href":"https:\/\/api.w.org\/{rel}","templated":true}]}}