{"id":71,"date":"2021-08-09T04:06:05","date_gmt":"2021-08-09T04:06:05","guid":{"rendered":"https:\/\/www.ossjsmlednik.si\/?page_id=71"},"modified":"2025-10-17T06:11:26","modified_gmt":"2025-10-17T06:11:26","slug":"govorilne-ure","status":"publish","type":"page","link":"https:\/\/www.ossjsmlednik.si\/?page_id=71","title":{"rendered":"Govorilne ure"},"content":{"rendered":"\n<p><\/p>\n\n\n\n<p>Popoldanske govorilne ure so vsak drugi torek v mesecu po dogovoru med u\u010diteljem in star\u0161i.<\/p>\n\n\n\n<p><strong>Govorilne ure 2025\/26<\/strong>&nbsp;<\/p>\n\n\n\n<figure class=\"wp-block-table\"><table class=\"has-fixed-layout\"><tbody><tr><td>&nbsp;&nbsp;&nbsp;&nbsp;&nbsp; PRIIMEK IN IME&nbsp;<\/td><td>Dan, ura&nbsp;<\/td><\/tr><tr><td>Bor\u010dnik Ale\u0161&nbsp;<\/td><td>sreda, 10.35 &#8211; 11.<strong>25<\/strong>&nbsp;<\/td><\/tr><tr><td>Brelih Ana\u00a0<\/td><td>sreda, 12.15-13.00&nbsp;<\/td><\/tr><tr><td>Brelih Humar Jana&nbsp;&nbsp;<\/td><td>sreda, 7:40 &#8211; 8:25&nbsp;<\/td><\/tr><tr><td> Bre\u0161an Bla\u017eka\u00a0<\/td><td>Ponedeljek, 10.35-11.20&nbsp;<\/td><\/tr><tr><td>\u010ceba\u0161ek Tja\u0161a\u00a0<\/td><td>ponedeljek, 10.35-11.20&nbsp;<\/td><\/tr><tr><td>\u010cretnik Tja\u0161a\u00a0<\/td><td>ponedeljek,&nbsp; 8.30 &#8211; 9.15&nbsp;<\/td><\/tr><tr><td>Hedvig af Ekenstam\u00a0<\/td><td>pondeljek, 15.30 &#8211; 16.15&nbsp;<\/td><\/tr><tr><td>Grah Stanka&nbsp;<\/td><td>torek, 9.45 &#8211; 10.30&nbsp;<\/td><\/tr><tr><td>Jak\u0161e Anita&nbsp;<\/td><td>ponedeljek, 10.35-11-20&nbsp;<\/td><\/tr><tr><td>Jeraj Mateja&nbsp;<\/td><td>ponedeljek 12.15 &#8211; 13.00&nbsp;<\/td><\/tr><tr><td>Jo\u0161t Rapi\u0107 Janja&nbsp;<\/td><td>\u010detrtek, 12.15 \u2013 13.00&nbsp;<\/td><\/tr><tr><td>Kalan Katarina\u00a0<\/td><td>torek, 8.30 &#8211; 9.15&nbsp;<\/td><\/tr><tr><td>Kegl Maja&nbsp;<\/td><td>sreda, 12.15 &#8211; 13.00&nbsp;<\/td><\/tr><tr><td>Ker\u010d Andreja&nbsp;<\/td><td>torek, 7.40 -8.25&nbsp;<\/td><\/tr><tr><td>Kri\u017eaj \u0160pela&nbsp;<\/td><td>sreda, 12.15 &#8211; 13.00&nbsp;&nbsp;<\/td><\/tr><tr><td>Kru\u0161nik Erna&nbsp;<\/td><td>ponedeljek, 12.15 &#8211; 13.00&nbsp;<\/td><\/tr><tr><td>Kuhar Alenka&nbsp;<\/td><td>torek, 12.15 &#8211; 13.00 (I. turnus)\u00a0\u00a0\u00a0\u00a0\u00a0\u00a0\u00a0\u00a0\u00a0\u00a0 <br>11.25 &#8211; 12.10 (II.turnus)\u00a0<\/td><\/tr><tr><td>Letonja Tea\u00a0<\/td><td>sreda, 12.15\u201313.00&nbsp;<\/td><\/tr><tr><td>Ludvigs Sa\u0161a\u00a0<\/td><td>sreda, 10.35-11.20&nbsp;<\/td><\/tr><tr><td>Majeti\u010d Nata\u0161a&nbsp;<\/td><td>petek, 07.40 &#8211; 08.25&nbsp;<\/td><\/tr><tr><td>Ovsenek Matja\u017e&nbsp;<\/td><td>ponedeljek 8.30 &#8211; 9.15&nbsp;<\/td><\/tr><tr><td>Podgor\u0161ek Ur\u0161ka&nbsp;<\/td><td>ponedeljek, 8.30 &#8211; 9.15&nbsp;<\/td><\/tr><tr><td>Poto\u010dnik Novljan \u0160pela&nbsp;<\/td><td>ponedeljek, 8.30 \u2013 9.15&nbsp;<\/td><\/tr><tr><td>Ribi\u010d Mateja&nbsp;<\/td><td>ponedeljek, 10.35 &#8211; 11.20 (1.turnus)\u00a0\u00a0\u00a0\u00a0\u00a0\u00a0\u00a0\u00a0\u00a0\u00a0\u00a0\u00a0\u00a0\u00a0\u00a0\u00a0\u00a0\u00a0\u00a0\u00a0\u00a0 <br>9.45 &#8211; 10.30 (2. Turnus)\u00a0\u00a0\u00a0\u00a0\u00a0\u00a0\u00a0\u00a0\u00a0\u00a0\u00a0\u00a0\u00a0\u00a0\u00a0\u00a0\u00a0\u00a0\u00a0\u00a0\u00a0\u00a0\u00a0\u00a0\u00a0\u00a0\u00a0\u00a0\u00a0\u00a0\u00a0\u00a0\u00a0\u00a0\u00a0\u00a0\u00a0<\/td><\/tr><tr><td>Seme Gregor\u00a0<\/td><td>ponedeljek, 8.30 do 9.15, oz. po dogovoru&nbsp;<\/td><\/tr><tr><td>Spruk Jernej&nbsp;<\/td><td>Ponedeljek, 10.35 do 11.20&nbsp;&nbsp;<\/td><\/tr><tr><td>Tepina Ne\u017ea&nbsp;<\/td><td>\u010detrtek , 10:35\u201311.20&nbsp;<\/td><\/tr><tr><td>Tom\u0161i\u010d Barbara\u00a0<\/td><td>\u010detrtek, 7.40 &#8211; 8.25&nbsp;&nbsp;<\/td><\/tr><tr><td>Valen\u010di\u010d Marko&nbsp;<\/td><td>ponedeljek, 8.30 &#8211; 9.15&nbsp;<\/td><\/tr><tr><td>Vr\u0161i\u010d Valentina&nbsp;<\/td><td>sreda, 11.25-12.10&nbsp;<\/td><\/tr><tr><td>Zore Mojca&nbsp;<\/td><td>petek, 8.30 &#8211; 9.15&nbsp;<\/td><\/tr><tr><td>Zorman Anja&nbsp;<\/td><td>torek, 9.45 &#8211; 10.30&nbsp;&nbsp;<\/td><\/tr><\/tbody><\/table><\/figure>\n","protected":false},"excerpt":{"rendered":"<p>Popoldanske govorilne ure so vsak drugi torek v mesecu po dogovoru med u\u010diteljem in star\u0161i. Govorilne ure 2025\/26&nbsp; &nbsp;&nbsp;&nbsp;&nbsp;&nbsp; PRIIMEK IN IME&nbsp; Dan, ura&nbsp; Bor\u010dnik Ale\u0161&nbsp; sreda, 10.35 &#8211; 11.25&nbsp; Brelih Ana\u00a0 sreda, 12.15-13.00&nbsp;&#46;&#46;&#46;<\/p>\n","protected":false},"author":1,"featured_media":0,"parent":0,"menu_order":0,"comment_status":"closed","ping_status":"closed","template":"","meta":{"footnotes":""},"class_list":["post-71","page","type-page","status-publish","hentry"],"publishpress_future_action":{"enabled":false,"date":"2026-05-07 19:41:05","action":"change-status","newStatus":"draft","terms":[],"taxonomy":"","extraData":[]},"publishpress_future_workflow_manual_trigger":{"enabledWorkflows":[]},"_links":{"self":[{"href":"https:\/\/www.ossjsmlednik.si\/index.php?rest_route=\/wp\/v2\/pages\/71","targetHints":{"allow":["GET"]}}],"collection":[{"href":"https:\/\/www.ossjsmlednik.si\/index.php?rest_route=\/wp\/v2\/pages"}],"about":[{"href":"https:\/\/www.ossjsmlednik.si\/index.php?rest_route=\/wp\/v2\/types\/page"}],"author":[{"embeddable":true,"href":"https:\/\/www.ossjsmlednik.si\/index.php?rest_route=\/wp\/v2\/users\/1"}],"replies":[{"embeddable":true,"href":"https:\/\/www.ossjsmlednik.si\/index.php?rest_route=%2Fwp%2Fv2%2Fcomments&post=71"}],"version-history":[{"count":15,"href":"https:\/\/www.ossjsmlednik.si\/index.php?rest_route=\/wp\/v2\/pages\/71\/revisions"}],"predecessor-version":[{"id":4747,"href":"https:\/\/www.ossjsmlednik.si\/index.php?rest_route=\/wp\/v2\/pages\/71\/revisions\/4747"}],"wp:attachment":[{"href":"https:\/\/www.ossjsmlednik.si\/index.php?rest_route=%2Fwp%2Fv2%2Fmedia&parent=71"}],"curies":[{"name":"wp","href":"https:\/\/api.w.org\/{rel}","templated":true}]}}

<p></p>



<p>Popoldanske govorilne ure so vsak drugi torek v mesecu po dogovoru med učiteljem in starši.</p>



<p><strong>Govorilne ure 2025/26</strong>&nbsp;</p>



<figure class="wp-block-table"><table class="has-fixed-layout"><tbody><tr><td>&nbsp;&nbsp;&nbsp;&nbsp;&nbsp; PRIIMEK IN IME&nbsp;</td><td>Dan, ura&nbsp;</td></tr><tr><td>Borčnik Aleš&nbsp;</td><td>sreda, 10.35 &#8211; 11.<strong>25</strong>&nbsp;</td></tr><tr><td>Brelih Ana </td><td>sreda, 12.15-13.00&nbsp;</td></tr><tr><td>Brelih Humar Jana&nbsp;&nbsp;</td><td>sreda, 7:40 &#8211; 8:25&nbsp;</td></tr><tr><td> Brešan Blažka </td><td>Ponedeljek, 10.35-11.20&nbsp;</td></tr><tr><td>Čebašek Tjaša </td><td>ponedeljek, 10.35-11.20&nbsp;</td></tr><tr><td>Čretnik Tjaša </td><td>ponedeljek,&nbsp; 8.30 &#8211; 9.15&nbsp;</td></tr><tr><td>Hedvig af Ekenstam </td><td>pondeljek, 15.30 &#8211; 16.15&nbsp;</td></tr><tr><td>Grah Stanka&nbsp;</td><td>torek, 9.45 &#8211; 10.30&nbsp;</td></tr><tr><td>Jakše Anita&nbsp;</td><td>ponedeljek, 10.35-11-20&nbsp;</td></tr><tr><td>Jeraj Mateja&nbsp;</td><td>ponedeljek 12.15 &#8211; 13.00&nbsp;</td></tr><tr><td>Jošt Rapić Janja&nbsp;</td><td>četrtek, 12.15 – 13.00&nbsp;</td></tr><tr><td>Kalan Katarina </td><td>torek, 8.30 &#8211; 9.15&nbsp;</td></tr><tr><td>Kegl Maja&nbsp;</td><td>sreda, 12.15 &#8211; 13.00&nbsp;</td></tr><tr><td>Kerč Andreja&nbsp;</td><td>torek, 7.40 -8.25&nbsp;</td></tr><tr><td>Križaj Špela&nbsp;</td><td>sreda, 12.15 &#8211; 13.00&nbsp;&nbsp;</td></tr><tr><td>Krušnik Erna&nbsp;</td><td>ponedeljek, 12.15 &#8211; 13.00&nbsp;</td></tr><tr><td>Kuhar Alenka&nbsp;</td><td>torek, 12.15 &#8211; 13.00 (I. turnus)           <br>11.25 &#8211; 12.10 (II.turnus) </td></tr><tr><td>Letonja Tea </td><td>sreda, 12.15–13.00&nbsp;</td></tr><tr><td>Ludvigs Saša </td><td>sreda, 10.35-11.20&nbsp;</td></tr><tr><td>Majetič Nataša&nbsp;</td><td>petek, 07.40 &#8211; 08.25&nbsp;</td></tr><tr><td>Ovsenek Matjaž&nbsp;</td><td>ponedeljek 8.30 &#8211; 9.15&nbsp;</td></tr><tr><td>Podgoršek Urška&nbsp;</td><td>ponedeljek, 8.30 &#8211; 9.15&nbsp;</td></tr><tr><td>Potočnik Novljan Špela&nbsp;</td><td>ponedeljek, 8.30 – 9.15&nbsp;</td></tr><tr><td>Ribič Mateja&nbsp;</td><td>ponedeljek, 10.35 &#8211; 11.20 (1.turnus)                      <br>9.45 &#8211; 10.30 (2. Turnus)                                     </td></tr><tr><td>Seme Gregor </td><td>ponedeljek, 8.30 do 9.15, oz. po dogovoru&nbsp;</td></tr><tr><td>Spruk Jernej&nbsp;</td><td>Ponedeljek, 10.35 do 11.20&nbsp;&nbsp;</td></tr><tr><td>Tepina Neža&nbsp;</td><td>četrtek , 10:35–11.20&nbsp;</td></tr><tr><td>Tomšič Barbara </td><td>četrtek, 7.40 &#8211; 8.25&nbsp;&nbsp;</td></tr><tr><td>Valenčič Marko&nbsp;</td><td>ponedeljek, 8.30 &#8211; 9.15&nbsp;</td></tr><tr><td>Vršič Valentina&nbsp;</td><td>sreda, 11.25-12.10&nbsp;</td></tr><tr><td>Zore Mojca&nbsp;</td><td>petek, 8.30 &#8211; 9.15&nbsp;</td></tr><tr><td>Zorman Anja&nbsp;</td><td>torek, 9.45 &#8211; 10.30&nbsp;&nbsp;</td></tr></tbody></table></figure>

<p>Popoldanske govorilne ure so vsak drugi torek v mesecu po dogovoru med učiteljem in starši. Govorilne ure 2025/26&nbsp; &nbsp;&nbsp;&nbsp;&nbsp;&nbsp; PRIIMEK IN IME&nbsp; Dan, ura&nbsp; Borčnik Aleš&nbsp; sreda, 10.35 &#8211; 11.25&nbsp; Brelih Ana  sreda, 12.15-13.00&nbsp;&#46;&#46;&#46;</p>
